{"id":155,"date":"2024-06-19T20:35:25","date_gmt":"2024-06-19T20:35:25","guid":{"rendered":"https:\/\/diewildewutz.de\/?page_id=155"},"modified":"2024-06-19T20:39:45","modified_gmt":"2024-06-19T20:39:45","slug":"team","status":"publish","type":"page","link":"https:\/\/diewildewutz.de\/?page_id=155","title":{"rendered":"Team"},"content":{"rendered":"\n<p>Neben gut ausgebildeten Fach- und Erg\u00e4nzungskr\u00e4ften besch\u00e4ftigen wir eine Auszubildende (praxisintegrierte Ausbildung in Kooperation mit dem Friederike-Fliedner Berufskolleg Iserlohn) und werden au\u00dferdem von einer K\u00fcchenhilfe, einer Alltagshelferin sowie einer Reinigungskraft unterst\u00fctzt.<\/p>\n\n\n\n<p>Damit \u00fcberschreiten wir deutlich die gesetzlich vorgeschriebene Mindestbesetzung zugunsten eines besseren Betreuungsschl\u00fcssels.<\/p>\n\n\n\n<p><strong>Wir bilden aus!<\/strong><\/p>\n\n\n\n<p>F\u00fcr das Ausbildungsjahr&nbsp;<a>2025\/2026<\/a>&nbsp;haben wir einen Ausbildungsplatz (PiA) frei. Bewerbungen sind&nbsp;<strong><em>ab Fr\u00fchjahr 2025<\/em><\/strong>&nbsp;herzlich willkommen.<\/p>\n","protected":false},"excerpt":{"rendered":"<p>Neben gut ausgebildeten Fach- und Erg\u00e4nzungskr\u00e4ften besch\u00e4ftigen wir eine Auszubildende (praxisintegrierte Ausbildung in Kooperation mit dem Friederike-Fliedner Berufskolleg Iserlohn) und werden au\u00dferdem von einer K\u00fcchenhilfe, einer Alltagshelferin sowie einer Reinigungskraft unterst\u00fctzt. Damit \u00fcberschreiten wir deutlich die gesetzlich vorgeschriebene Mindestbesetzung zugunsten eines besseren Betreuungsschl\u00fcssels. Wir bilden aus! F\u00fcr das Ausbildungsjahr&nbsp;2025\/2026&nbsp;haben wir einen Ausbildungsplatz (PiA) frei. Bewerbungen [&hellip;]<\/p>\n","protected":false},"author":1,"featured_media":0,"parent":0,"menu_order":0,"comment_status":"closed","ping_status":"closed","template":"","meta":{"footnotes":""},"_links":{"self":[{"href":"https:\/\/diewildewutz.de\/index.php?rest_route=\/wp\/v2\/pages\/155"}],"collection":[{"href":"https:\/\/diewildewutz.de\/index.php?rest_route=\/wp\/v2\/pages"}],"about":[{"href":"https:\/\/diewildewutz.de\/index.php?rest_route=\/wp\/v2\/types\/page"}],"author":[{"embeddable":true,"href":"https:\/\/diewildewutz.de\/index.php?rest_route=\/wp\/v2\/users\/1"}],"replies":[{"embeddable":true,"href":"https:\/\/diewildewutz.de\/index.php?rest_route=%2Fwp%2Fv2%2Fcomments&post=155"}],"version-history":[{"count":2,"href":"https:\/\/diewildewutz.de\/index.php?rest_route=\/wp\/v2\/pages\/155\/revisions"}],"predecessor-version":[{"id":160,"href":"https:\/\/diewildewutz.de\/index.php?rest_route=\/wp\/v2\/pages\/155\/revisions\/160"}],"wp:attachment":[{"href":"https:\/\/diewildewutz.de\/index.php?rest_route=%2Fwp%2Fv2%2Fmedia&parent=155"}],"curies":[{"name":"wp","href":"https:\/\/api.w.org\/{rel}","templated":true}]}}