{"id":18,"date":"2023-04-25T20:46:29","date_gmt":"2023-04-25T20:46:29","guid":{"rendered":"https:\/\/diewildewutz.de\/?page_id=18"},"modified":"2023-11-18T09:42:44","modified_gmt":"2023-11-18T09:42:44","slug":"traeger","status":"publish","type":"page","link":"https:\/\/diewildewutz.de\/?page_id=18","title":{"rendered":"Tr\u00e4ger"},"content":{"rendered":"\n<p>Tr\u00e4ger unserer Einrichtung ist eine Elterninitiative.<\/p>\n\n\n\n<p>Von unseren Eltern fordern wir ein besonderes Engagement. Dieses spiegelt sich in der Bew\u00e4ltigung anstehender Arbeiten (z.B. w\u00f6chentlicher Einkauf, handwerkliche T\u00e4tigkeiten, N\u00e4harbeiten, Renovierungs-, Reparatur- und Umbauarbeiten, Gartenpflege etc.) wider, die als Pflichtstundeneinsatz (30 Stunden pro Kita-Jahr und Familie) angerechnet werden.<\/p>\n\n\n\n<p>Die Teilnahme der Eltern an unseren Versammlungen, p\u00e4dagogischen Elternabenden, Feiern, Ausfl\u00fcgen etc. ist f\u00fcr uns selbstverst\u00e4ndlich.<br><br>Viele Eltern pflegen auch privat einen intensiven Kontakt. Es hat sich gezeigt, dass im Laufe der Zeit viele langj\u00e4hrige Freundschaften geschlossen wurden und gereift sind.<\/p>\n","protected":false},"excerpt":{"rendered":"<p>Tr\u00e4ger unserer Einrichtung ist eine Elterninitiative. Von unseren Eltern fordern wir ein besonderes Engagement. Dieses spiegelt sich in der Bew\u00e4ltigung anstehender Arbeiten (z.B. w\u00f6chentlicher Einkauf, handwerkliche T\u00e4tigkeiten, N\u00e4harbeiten, Renovierungs-, Reparatur- und Umbauarbeiten, Gartenpflege etc.) wider, die als Pflichtstundeneinsatz (30 Stunden pro Kita-Jahr und Familie) angerechnet werden. Die Teilnahme der Eltern an unseren Versammlungen, p\u00e4dagogischen Elternabenden, [&hellip;]<\/p>\n","protected":false},"author":1,"featured_media":101,"parent":0,"menu_order":0,"comment_status":"closed","ping_status":"closed","template":"","meta":{"footnotes":""},"_links":{"self":[{"href":"https:\/\/diewildewutz.de\/index.php?rest_route=\/wp\/v2\/pages\/18"}],"collection":[{"href":"https:\/\/diewildewutz.de\/index.php?rest_route=\/wp\/v2\/pages"}],"about":[{"href":"https:\/\/diewildewutz.de\/index.php?rest_route=\/wp\/v2\/types\/page"}],"author":[{"embeddable":true,"href":"https:\/\/diewildewutz.de\/index.php?rest_route=\/wp\/v2\/users\/1"}],"replies":[{"embeddable":true,"href":"https:\/\/diewildewutz.de\/index.php?rest_route=%2Fwp%2Fv2%2Fcomments&post=18"}],"version-history":[{"count":3,"href":"https:\/\/diewildewutz.de\/index.php?rest_route=\/wp\/v2\/pages\/18\/revisions"}],"predecessor-version":[{"id":136,"href":"https:\/\/diewildewutz.de\/index.php?rest_route=\/wp\/v2\/pages\/18\/revisions\/136"}],"wp:featuredmedia":[{"embeddable":true,"href":"https:\/\/diewildewutz.de\/index.php?rest_route=\/wp\/v2\/media\/101"}],"wp:attachment":[{"href":"https:\/\/diewildewutz.de\/index.php?rest_route=%2Fwp%2Fv2%2Fmedia&parent=18"}],"curies":[{"name":"wp","href":"https:\/\/api.w.org\/{rel}","templated":true}]}}