{"id":33,"date":"2023-04-25T21:00:57","date_gmt":"2023-04-25T21:00:57","guid":{"rendered":"https:\/\/diewildewutz.de\/?page_id=33"},"modified":"2024-05-13T15:50:10","modified_gmt":"2024-05-13T15:50:10","slug":"unsere-kita","status":"publish","type":"page","link":"https:\/\/diewildewutz.de\/?page_id=33","title":{"rendered":"Unsere Kita"},"content":{"rendered":"\n<p><img loading=\"lazy\" decoding=\"async\" src=\"https:\/\/web.archive.org\/web\/20230202090227im_\/https:\/\/diewildewutz.de\/self_service_lite\/content\/index\/-sub-\/ueber_uns\/files\/ueber_uns_1040873_54c561555b2cd.jpg\" width=\"570\" height=\"380\" alt=\"\"><\/p>\n\n\n\n<p>In der Wilden Wutz sind Kinder von 10 Monaten bis zum Schuleintritt willkommen. 22 Kinder werden je nach Alter in zwei Gruppen betreut &#8211; einer U3- sowie einer \u00dc3-Gruppe.<\/p>\n\n\n\n<p>Neben festen Essens- und Ruhezeiten sind uns folgende Angebote besonders wichtig:<\/p>\n\n\n\n<ul>\n<li>Morgenkreis mit gemeinsamen Sing- und Ratespielen,<\/li>\n\n\n\n<li>Erz\u00e4hlrunde f\u00fcr \u00dc3-Gruppe,<\/li>\n\n\n\n<li>freies Spiel und viele Aktivit\u00e4ten an der frischen Luft &#8211; in der Au\u00dfenanlage der Wilden Wutz sowie bei Spazierg\u00e4ngen in Letmathe,<\/li>\n\n\n\n<li>Bewegungsraum u.a. mit Schaukeln und Trampolin sowie w\u00f6chentliche Sportstunde f\u00fcr \u00dc3-Kinder in nahegelegener Sporthalle,<\/li>\n\n\n\n<li>Fahrrad- \/ Fahrzeugwoche f\u00fcr alle Kinder<\/li>\n\n\n\n<li>besondere Aktivit\u00e4ten f\u00fcr \u00dc3-Kinder, z.B. Ausflug in den Sauerlandpark, Exkursion zur DASA, Puppenspieltage Burg Altena und Schlossspiele Schloss Hohenlimburg,<\/li>\n\n\n\n<li>besondere Aktivit\u00e4ten f\u00fcr Vorschulkinder, z.B. Brandschutzerziehung im Floriansdorf, Verkehrserziehung, Haus der Gefahren im Floriansdorf<\/li>\n<\/ul>\n\n\n\n<p>Nachfolgend stellen wir Ihnen unser Konzept vor, wie sich die Eingew\u00f6hnung der Kinder bei uns gestaltet, wie Sie Ihr Kind anmelden k\u00f6nnen und welche Betreuungszeiten wir bieten.<\/p>\n\n\n\n<p><strong>Unser Konzept<\/strong><\/p>\n\n\n\n<figure class=\"wp-block-image\"><img decoding=\"async\" src=\"https:\/\/web.archive.org\/web\/20230202084046im_\/https:\/\/diewildewutz.de\/self_service_lite\/content\/index\/-sub-\/ueber_uns\/-sub-\/konzept\/files\/konzeptp1040788_54c555d02f573.jpg\" alt=\"\" title=\"\"\/><\/figure>\n\n\n\n<p>Uns ist es ein Anliegen, den Kindern Halt und Geborgenheit zu geben. Deshalb halten wir es f\u00fcr wichtig, dass sich die Kinder in einem geregelten Tagesablauf bewegen. Aus diesem Grund sorgen wir f\u00fcr einen festen Rahmen, der dem Tag eine erkennbare Struktur verleiht und uns dennoch gen\u00fcgend Raum f\u00fcr w\u00f6chentlich stattfindende Angebote und spontane Aktivit\u00e4ten l\u00e4sst.<\/p>\n\n\n\n<p>Die Grundlage f\u00fcr die p\u00e4dagogische Planung und Durchf\u00fchrung der Arbeit in der Kita ist der situationsorientierte Ansatz, weil er der Entwicklung und F\u00f6rderung aller Kinder am ehesten gerecht wird, Benachteiligungen von Kindern weit m\u00f6glichst auszugleichen vermag und die Lernprozesse des Kindes lebensnah gestaltet.<\/p>\n\n\n\n<p>Die Haltung zum Kind ist uns sehr wichtig und wir nehmen es als individuelle Pers\u00f6nlichkeit an. Wir nehmen unsere Vorbildrolle als Erzieherin sehr ernst, denn nur so k\u00f6nnen wir den Kindern Werte vermitteln.<\/p>\n\n\n\n<p>Wir beobachten die Kinder bei ihren Aktivit\u00e4ten, erkennen ihre St\u00e4rken und Schw\u00e4chen, begleiten sie auf ihrem Lebensweg. Wir geben den Kindern die n\u00f6tige Zeit und den notwendigen Raum, sich zu entwickeln.<\/p>\n\n\n\n<p>Wir dokumentieren die Entwicklungsprozesse Ihrer Kinder und bieten regelm\u00e4\u00dfig Gespr\u00e4che zum Entwicklungsstand an.&nbsp;<\/p>\n\n\n\n<p>Was uns auszeichnet:<\/p>\n\n\n\n<ul>\n<li>kleine Gruppen, die individuelle Betreuung und F\u00f6rderung erlauben,<\/li>\n\n\n\n<li>effektive Erziehungspartnerschaft durch intensiven Austausch mit den Eltern.<\/li>\n<\/ul>\n\n\n\n<p><strong>Eingew\u00f6hnung<\/strong><\/p>\n\n\n\n<figure class=\"wp-block-image\"><img decoding=\"async\" src=\"https:\/\/web.archive.org\/web\/20230202072538im_\/https:\/\/diewildewutz.de\/self_service_lite\/content\/index\/-sub-\/ueber_uns\/-sub-\/eingewoehnung\/files\/eingewoehnungp1040844_54c55b937b985.jpg\" alt=\"\" title=\"\"\/><\/figure>\n\n\n\n<p>Der \u00dcbergang von der Familie in die Kita bedeutet f\u00fcr jedes Kind eine gro\u00dfe Herausforderung. W\u00e4hrend der ersten Zeit ist das Kind mit unbekannten R\u00e4umen, fremden Erwachsenen und Kindern konfrontiert. Die neue Umgebung, die neue Situationen, ein ver\u00e4nderter Tagesablauf und die Trennung von den Eltern k\u00f6nnen mit erheblichem Stress verbunden sein.<\/p>\n\n\n\n<p>Um neuen Kindern einen guten Start bei uns zu erm\u00f6glichen, ist es uns wichtig, die Eingew\u00f6hnungszeit gemeinsam mit den Eltern abzustimmen. Wir st\u00fctzen uns dabei auf das sogenannte \u201eBerliner Modell\u201c, ein Modell mit starker Beteiligung der Eltern. Informationen hierzu werden in den ersten Gespr\u00e4chskontakten mit den Eltern ausgetauscht.<\/p>\n\n\n\n<p>Nach ca. 3 Monaten findet ein ausf\u00fchrliches Elterngespr\u00e4ch statt. Dieses erm\u00f6glicht gegenseitige R\u00fcckmeldungen zum Verlauf der Eingew\u00f6hnung und zur Wahrnehmung des Kindes.<\/p>\n\n\n\n<p><strong>Anmeldung<\/strong><\/p>\n\n\n\n<figure class=\"wp-block-image\"><img decoding=\"async\" src=\"https:\/\/web.archive.org\/web\/20210926084736im_\/https:\/\/diewildewutz.de\/self_service_lite\/content\/index\/-sub-\/ueber_uns\/-sub-\/anmeldung\/files\/anmeldungp1040747_54c55f8ba12d3.jpg\" alt=\"\" title=\"\"\/><\/figure>\n\n\n\n<p>F\u00fcr interessierte Eltern bieten wir nach telefonischer Terminabsprache mit der Leitung ein pers\u00f6nliches Gespr\u00e4ch und die Besichtigung unserer R\u00e4umlichkeiten an.<\/p>\n\n\n\n<p>Das Kind kann fr\u00fchestens mit dem Datum der Geburt angemeldet werden.<\/p>\n\n\n\n<p>\u00dcber die Aufnahme eines Kindes in der Kindertagesst\u00e4tte entscheidet die Leiterin in Absprache mit dem p\u00e4dagogischen Personal und dem Vorstand. F\u00fcr die Aufnahmeentscheidung sind uns folgende Kriterien wichtig:<\/p>\n\n\n\n<ul>\n<li>Alter, Geschlecht bez\u00fcglich der Gruppenstruktur<\/li>\n\n\n\n<li>Besucht bereits ein Geschwisterkind die Einrichtung?<\/li>\n\n\n\n<li>Engagement der Eltern<\/li>\n\n\n\n<li>Berufst\u00e4tigkeit der Eltern<\/li>\n\n\n\n<li>Famili\u00e4re Situation<\/li>\n<\/ul>\n\n\n\n<p><strong>\u00d6ffnungszeiten<\/strong><\/p>\n\n\n\n<figure class=\"wp-block-image\"><img decoding=\"async\" src=\"https:\/\/web.archive.org\/web\/20210507093918im_\/https:\/\/diewildewutz.de\/self_service_lite\/content\/index\/-sub-\/ueber_uns\/-sub-\/oeffnungszeiten\/files\/spielende_kinder1040738_54c56791ee61c.jpg\" alt=\"\" title=\"\"\/><\/figure>\n\n\n\n<p>Unsere Kinder werden von&nbsp;<strong>Montag bis Donnerstag von 7.15 Uhr&nbsp;bis 16.30<\/strong>&nbsp;Uhr&nbsp;betreut und&nbsp;<strong>freitags von 7.15 Uhr&nbsp;bis 15.15 Uhr<\/strong>.<\/p>\n\n\n\n<p><strong>Kosten<\/strong><\/p>\n\n\n\n<p>Tr\u00e4ger unserer Kindertagesst\u00e4tte ist eine Elterninitiative. Das bedeutet, dass wir 4% der laufenden Betriebskosten selbst tragen m\u00fcssen.<\/p>\n\n\n\n<p>Deshalb sind monatlich ein&nbsp;<strong>Vereinsbeitrag in H\u00f6he von 45 \u20ac<\/strong>&nbsp;und eine&nbsp;<strong>Essensgeldpauschale in H\u00f6he von 35 \u20ac<\/strong>&nbsp;f\u00fcr jedes betreute Kind an den Verein zu entrichten. Zus\u00e4tzlich ist monatlich ein gesetzlicher Elternbeitrag an das Jugendamt der Stadt Iserlohn zu entrichten<strong>.&nbsp;<\/strong>Die H\u00f6he dieses Elternbeitrages richtet sich nach dem Jahresbruttoeinkommen der Familien und kann auf der Homepage der Stadt Iserlohn online errechnet werden.<\/p>\n","protected":false},"excerpt":{"rendered":"<p>In der Wilden Wutz sind Kinder von 10 Monaten bis zum Schuleintritt willkommen. 22 Kinder werden je nach Alter in zwei Gruppen betreut &#8211; einer U3- sowie einer \u00dc3-Gruppe. Neben festen Essens- und Ruhezeiten sind uns folgende Angebote besonders wichtig: Nachfolgend stellen wir Ihnen unser Konzept vor, wie sich die Eingew\u00f6hnung der Kinder bei uns [&hellip;]<\/p>\n","protected":false},"author":1,"featured_media":95,"parent":0,"menu_order":0,"comment_status":"closed","ping_status":"closed","template":"","meta":{"footnotes":""},"_links":{"self":[{"href":"https:\/\/diewildewutz.de\/index.php?rest_route=\/wp\/v2\/pages\/33"}],"collection":[{"href":"https:\/\/diewildewutz.de\/index.php?rest_route=\/wp\/v2\/pages"}],"about":[{"href":"https:\/\/diewildewutz.de\/index.php?rest_route=\/wp\/v2\/types\/page"}],"author":[{"embeddable":true,"href":"https:\/\/diewildewutz.de\/index.php?rest_route=\/wp\/v2\/users\/1"}],"replies":[{"embeddable":true,"href":"https:\/\/diewildewutz.de\/index.php?rest_route=%2Fwp%2Fv2%2Fcomments&post=33"}],"version-history":[{"count":6,"href":"https:\/\/diewildewutz.de\/index.php?rest_route=\/wp\/v2\/pages\/33\/revisions"}],"predecessor-version":[{"id":145,"href":"https:\/\/diewildewutz.de\/index.php?rest_route=\/wp\/v2\/pages\/33\/revisions\/145"}],"wp:featuredmedia":[{"embeddable":true,"href":"https:\/\/diewildewutz.de\/index.php?rest_route=\/wp\/v2\/media\/95"}],"wp:attachment":[{"href":"https:\/\/diewildewutz.de\/index.php?rest_route=%2Fwp%2Fv2%2Fmedia&parent=33"}],"curies":[{"name":"wp","href":"https:\/\/api.w.org\/{rel}","templated":true}]}}